t is the thousands digit of v?
4
Let x = -67 + 79. Let w = x - 20. What is the tens digit of 4 + w + 2*37?
7
Let i(y) = -7*y - 6. Suppose 4*o + 3*w = -37, -3 = -4*o - 5*w - 38. Let x be i(o). Let h = x - 54. What is the tens digit of h?
1
Let d be (-1 + -2945)*1/(-3). Suppose -u + 3*c = -334, 6*c - d = -3*u + 5*c. What is the units digit of u?
8
Let d be 0 + (2 - 4) + -54. Let s = 60 + d. What is the units digit of 665/10 - 1 - 2/s?
5
Let d(t) = 654*t**2 - 24*t - 9. What is the tens digit of d(-3)?
4
Suppose 10 = z + 4*z. Let k(u) = 21*u**2 - 1 + 26*u**2 + 3*u**z + u. What is the units digit of k(1)?
0
Suppose 5*q + 0*p = -3*p + 73154, 14649 = q - 2*p. What is the ten thousands digit of q?
1
Let b be (780/108 - 7) + 2347/9. Let s = b + -44. What is the hundreds digit of s?
2
Suppose -266*z - 6334200 = -402*z. What is the units digit of z?
5
Let v be ((-120)/10)/(-1 + 1 - 2). Let c be (-26)/(-6) + (v/(-9))/(-1). Suppose 343 = c*o + 2*s - 87, -s = -o + 93. What is the tens digit of o?
8
Suppose -243*c + 512*c = 250*c + 535648. What is the units digit of c?
2
Let l be (-4 - -4 - -7) + -3 - 21. What is the hundreds digit of 302 + -1 - (13 + l)?
3
Suppose 2*r = -2*j - 40, -3 = 5*j - 3*r + 73. Let w(b) be the first derivative of -b**4/4 - 16*b**3/3 + b**2/2 - 35*b - 11. What is the tens digit of w(j)?
3
Let c(z) be the third derivative of z**7/72 - 13*z**6/720 + z**5/3 + 3*z**2. Let v(t) be the third derivative of c(t). What is the hundreds digit of v(2)?
1
Let z be ((-3)/3)/((-2)/4). Suppose r + z*r - 23 = -5*q, -4*r - 3*q = -27. What is the units digit of (3 - r/12)*162/5?
1
Let o(x) = 5*x + 12. Let f be o(-10). Let b = -23 - f. What is the tens digit of (-2 - 50/(-6))*b?
9
Let w(p) = 110*p - 2195. What is the tens digit of w(89)?
9
Let z(h) be the first derivative of 25*h**3/3 - 2*h**2 - 24*h + 2. What is the hundreds digit of z(6)?
8
Let a(t) = -88*t + 8. Let l be a(2). Let n = -53 - l. Let h = n + -75. What is the tens digit of h?
4
Let v(k) = 1177*k**2 + 294*k - 1171. What is the tens digit of v(4)?
3
Suppose -132*o + 171237 = 190*o - 547145. What is the thousands digit of o?
2
Suppose -21*n - 16486 = -209770. What is the thousands digit of n?
9
Let q(j) = 3*j**2 - 17*j - 32. Let o(g) = g**2 - 20*g - 30. Let n(y) = -3*o(y) + 4*q(y). What is the tens digit of n(5)?
4
Let c(z) = 7*z**2 + 53*z - 215. What is the thousands digit of c(-72)?
2
Suppose 4*g = 3*y - 3537, 0 = -5*y - 11*g + 16*g + 5900. What is the tens digit of y?
8
Let v be (30/4)/(372/40 - 9). Suppose -186 = -v*c + 23*c. What is the tens digit of c?
9
Let f be 1 - (-8)/(-2) - (-2 - 727). Let q be 11/(f/12) - (-13)/(-11). What is the hundreds digit of 1/(q*1/(-264))?
2
Let y(g) be the third derivative of -11*g**4/4 + 133*g**3/3 + g**2 - 192*g. What is the hundreds digit of y(-6)?
6
Suppose -16*u + 38640 = -12*u - 5*a, u - 3*a = 9667. What is the hundreds digit of u?
6
Suppose 5*r = -5*j + 218778 + 25877, 97856 = 2*j + r. What is the hundreds digit of j?
9
Suppose -5*r + 29874 = u, r - u - 6420 = -450. Suppose -22*a = 7*a - r. What is the hundreds digit of a?
2
What is the units digit of -5 - ((1/4)/(-1) + 1159704/(-288))?
2
Suppose -22*v = 271 + 213. Let m(c) = 2*c**2 + 23*c - 24. What is the hundreds digit of m(v)?
4
Let z = -5202 - -15812. What is the units digit of z?
0
Suppose 219 = -p + 3*p - 281. What is the units digit of p?
0
Suppose 2*x - 7*x - 9*x = -157472. What is the thousands digit of x?
1
What is the tens digit of (25 - 23)*26092/4?
4
Let i(w) be the first derivative of w**4/4 + 11*w**3/3 - 9*w**2/2 + 31*w - 14. What is the units digit of i(-11)?
0
Suppose 3*c + i - 1187 = -55, -c + 3*i = -384. Let v be ((-1)/(-2))/(27/c). Suppose -a + 185 = r, -v*a + 941 = -2*a + r. What is the tens digit of a?
8
What is the hundreds digit of (2 + 2 + -3)/(((-28)/4)/(-62755))?
9
Let p be 2/(-5) + ((-364)/(-5))/2. Let b = p + -32. Suppose b*y + 7*y - 374 = 0. What is the units digit of y?
4
Let h(y) be the first derivative of y**4/4 - 2*y**3 + y**2 - 9*y + 26. Let j be h(6). What is the units digit of (-4)/(-6) + (-1276)/(-36)*j?
7
What is the thousands digit of (-10)/(-2) + 4728 + 3 + -12?
4
Suppose 0 = -3*g - 2*t + 24216, 0 = -t - 738 + 732. What is the thousands digit of g?
8
Suppose -38*s + 35*s = -87. Suppose 0 = s*r - 33*r + 1368. What is the hundreds digit of r?
3
Suppose 0 = -80*t + 86*t + 36. What is the tens digit of t/(-3) + 21648/16?
5
Let n be 60/(-45)*((-1085)/2 + 1). Suppose 0 = -0*f + 5*f + 3*i - 3498, -f = -5*i - n. What is the hundreds digit of f?
7
Let z(b) = -2*b**2 + 26*b + 34. Let w be z(14). Let j be (12 - 10)*3/(w/193). Suppose 20 = -t + j. What is the hundreds digit of t?
1
What is the ten thousands digit of (1 + 25/15)/(3/(16774 - -2))?
1
Let i be (-12)/15*(-8 + 13). What is the units digit of i/(72/42)*-486?
4
Let q = 156 + 543. Suppose 2*c - q = -4*s + 965, 4*c = -s + 3356. Suppose 8*l = 2*l + c. What is the units digit of l?
0
Let v(w) = 1390*w + 4223. What is the units digit of v(18)?
3
Suppose -70*y + 148*y - 567393 = 47*y. What is the hundreds digit of y?
3
Suppose 5*p + 13 = -4*s - 2, -p = -s + 3. Suppose -2*a - 2*a + 2116 = 5*h, s = 5*h - 4*a - 2124. What is the hundreds digit of h?
4
Let u(q) = 705*q**3 - 12*q**2 + 14*q - 3. Let i be u(1). Let n = 1349 - i. What is the hundreds digit of n?
6
Let r(b) = -18*b**3 - 6*b - 11. Let k be r(-3). Suppose 4*l = 0, -k = -2*j - 5*l - 81. What is the units digit of j?
6
What is the thousands digit of 14/(-420)*4 + 242314/30?
8
Suppose 5*p = -3*p - 32. Let v be (48/(-60))/(p/10). Suppose -n = 0, 5 = 5*a - 2*n - v*n. What is the units digit of a?
1
Let l(i) = i**3 - 6*i**2 + 6*i - 5. Let v be l(5). Let m be ((v - 2/(-1)) + 4)/2. Suppose -2*z - 5*k = 3*z - 195, m*k = 3. What is the units digit of z?
8
Suppose 43 + 7 = v. Suppose v = 2*k + 122. What is the units digit of (-9)/k + (-31)/(-4)?
8
Suppose -34 = -4*m - 2*y, -2*m - 4*y + 5 + 9 = 0. Suppose -16*c + m*c + 70 = 0. Suppose 7*i + 585 = c*i. What is the tens digit of i?
9
Let k = -5664 + 30975. What is the units digit of k?
1
Suppose -149*u = -105*u - 5412. What is the units digit of u?
3
Let h(i) = 2*i**2 - 6*i - 13. Let v be h(9). Let q = v + -95. Suppose -5*g + 3*g - z + 530 = q, -5*g = -z - 1325. What is the hundreds digit of g?
2
Suppose 12*q + 7*q - 49153 = 0. Suppose 0 = 9*s - 22*s + q. What is the tens digit of s?
9
Let x be (-5 + (-1194)/(-30))*(-40)/6. Let y = 129 + x. Let g = 36 - y. What is the units digit of g?
9
Suppose -4*s + 496 = -92. What is the units digit of s/7*(-3)/(-9)?
7
Suppose 5*f + 3*a - 393 = 0, 8*a + 312 = 4*f + 11*a. What is the thousands digit of (-270)/f*(12384/10)/(-3)?
1
Let f(j) = 478*j - 1297. What is the hundreds digit of f(30)?
0
Let p be (-3 - (-5)/4)/((-2)/(-88)). Let f(u) = 2*u**2 - 11*u + 1. Let w be f(-6). Let x = p + w. What is the tens digit of x?
6
Let y = 4327 - 889. What is the tens digit of y?
3
Let i = -436 + 451. Suppose -319 = -5*m - 99. Suppose 14*b = i*b - m. What is the tens digit of b?
4
Suppose -148414 = -54*i + 176018. What is the units digit of i?
8
Let k = 10550 - -5082. What is the thousands digit of k?
5
Suppose 1801 = -14*m + 9*m + 3*l, 3*m + 2*l = -1092. What is the hundreds digit of 3 + 0 - (2 + m)?
3
Suppose -7*s + 43 = 106. What is the units digit of (-4708)/(-38) - (s - (-1859)/209)?
4
Let c(p) = 10*p + 8. Let u be c(2). Let q = -35 + u. What is the units digit of (q + 5)*507/(-6)?
9
Let k = -35 - -15. Let p = k - -19. Let u(n) = -16*n + 2. What is the units digit of u(p)?
8
What is the tens digit of (11/((-385)/33470))/(((-30)/(-35))/(-3))?
4
Let u = -24 - -31. Suppose -1720 + 4485 = u*t. What is the units digit of t?
5
Suppose 201*w - 196*w + 5*i = 118025, -3*w + 70863 = -3*i. What is the thousands digit of w?
3
Let a be ((-13)/4)/((-3)/12). Let n = a - 13. Suppose n*h - 4*h - 4*z = -476, -4*z = 2*h - 246. What is the hundreds digit of h?
1
Suppose 3*g = 5*g - 20. Suppose 11*o + 9*o + 80 = 0. What is the units digit of o/g + (-378)/(-70)?
5
Let q be (-234)/9 + 4*-1. Let v(y) = -y**3 - 31*y**2 - 40*y + 70. What is the hundreds digit of v(q)?
3
Let y(q) = q**2 - 149*q + 8*q**3 + 3 + 0*q**2 + 151*q. What is the units digit of y(4)?
9
What is the units digit of 596*(0 + (8 - (-75)/(-10)))?
8
S